e 13) in base 5?
13
What is 23 (base 6) in base 2?
1111
57 (base 8) to base 15
32
Convert -34 (base 6) to base 8.
-26
Convert 0 (base 13) to base 4.
0
Convert -1010011 (base 2) to base 5.
-313
Convert -10001010 (base 2) to base 9.
-163
6 (base 15) to base 4
12
12 (base 8) to base 9
11
202 (base 5) to base 14
3a
What is -7 (base 12) in base 6?
-11
2 (base 4) to base 16
2
What is 2 (base 10) in base 3?
2
What is -10 (base 13) in base 9?
-14
What is 14 (base 6) in base 15?
a
Convert -201 (base 4) to base 8.
-41
What is -2 (base 5) in base 10?
-2
Convert 222 (base 5) to base 15.
42
29 (base 15) to base 11
36
8a (base 12) to base 7
211
What is 323 (base 7) in base 9?
202
Convert -12021 (base 3) to base 14.
-a2
117 (base 13) to base 14
d7
Convert 16 (base 13) to base 7.
25
What is -81 (base 12) in base 16?
-61
Convert -115 (base 8) to base 14.
-57
What is 1220 (base 3) in base 15?
36
325 (base 6) to base 13
98
What is -a (base 15) in base 16?
-a
-4 (base 10) to base 9
-4
7 (base 10) to base 8
7
Convert 1102 (base 3) to base 4.
212
Convert -5 (base 9) to base 3.
-12
What is -4 (base 14) in base 15?
-4
-13 (base 5) to base 10
-8
0 (base 13) to base 2
0
What is -10 (base 15) in base 3?
-120
What is -10100 (base 2) in base 10?
-20
What is -13 (base 11) in base 9?
-15
198 (base 13) to base 14
170
What is 1 (base 4) in base 3?
1
What is 10 (base 4) in base 11?
4
What is -10 (base 6) in base 14?
-6
-332 (base 7) to base 13
-101
What is -52 (base 6) in base 11?
-2a
2330 (base 4) to base 9
228
What is 7 (base 16) in base 15?
7
3 (base 8) to base 4
3
What is 110 (base 2) in base 10?
6
What is -117 (base 9) in base 13?
-76
Convert 163 (base 9) to base 6.
350
What is -1 (base 11) in base 14?
-1
What is -28 (base 12) in base 10?
-32
Convert -11 (base 6) to base 4.
-13
Convert 534 (base 6) to base 2.
11001010
What is 41 (base 7) in base 12?
25
2 (base 9) to base 13
2
101 (base 2) to base 11
5
Convert -b1 (base 13) to base 6.
-400
Convert -65 (base 7) to base 8.
-57
What is 11 (base 2) in base 11?
3
What is -2011 (base 3) in base 7?
-112
What is -4 (base 6) in base 14?
-4
100100 (base 2) to base 9
40
What is b8 (base 13) in base 16?
97
Convert -8c (base 16) to base 9.
-165
Convert 31 (base 11) to base 5.
114
Convert 5 (base 11) to base 4.
11
Convert 21 (base 3) to base 7.
10
-2 (base 4) to base 9
-2
What is -5 (base 12) in base 2?
-101
What is 0 (base 11) in base 8?
0
2 (base 16) to base 13
2
What is 28 (base 10) in base 6?
44
-2 (base 11) to base 3
-2
What is 3 (base 12) in base 9?
3
What is -4 (base 15) in base 9?
-4
Convert -7a (base 11) to base 9.
-106
Convert 3b (base 13) to base 4.
302
Convert 100011 (base 2) to base 5.
120
What is 32 (base 7) in base 13?
1a
Convert -11201 (base 4) to base 14.
-1b3
1100 (base 2) to base 4
30
32 (base 7) to base 15
18
Convert -155 (base 10) to base 3.
-12202
Convert 0 (base 10) to base 16.
0
Convert -10102 (base 3) to base 13.
-71
3b (base 13) to base 10
50
-9a (base 11) to base 5
-414
-2 (base 12) to base 14
-2
3 (base 9) to base 8
3
What is -3 (base 11) in base 8?
-3
What is 10 (base 10) in base 7?
13
2 (base 4) to base 5
2
Convert 3 (base 15) to base 16.
3
What is 120 (base 4) in base 8?
30
5 (base 16) to base 7
5
What is -113 (base 4) in base 12?
-1b
-3 (base 4) to base 14
-3
Convert 11 (base 6) to base 11.
7
What is -56 (base 13) in base 4?
-1013
51 (base 15) to base 4
1030
What is -14 (base 7) in base 4?
-23
3 (base 12) to base 2
11
Convert -3 (base 9) to base 11.
-3
Convert 222 (base 5) to base 6.
142
Convert 3 (base 14) to base 2.
11
-2a (base 13) to base 10
-36
What is 204 (base 5) in base 8?
66
What is -1 (base 12) in base 16?
-1
What is 4 (base 15) in base 10?
4
-1 (base 10) to base 14
-1
Convert -13 (base 8) to base 14.
-b
Convert -36 (base 14) to base 12.
-40
18 (base 12) to base 6
32
What is 3 (base 7) in base 4?
3
-12 (base 9) to base 13
-b
0 (base 10) to base 3
0
-39 (base 14) to base 16
-33
-132 (base 7) to base 16
-48
-46 (base 9) to base 16
-2a
What is -3 (base 11) in base 6?
-3
Convert 38 (base 13) to base 16.
2f
What is -74 (base 11) in base 5?
-311
What is -2 (base 12) in base 4?
-2
What is 0 (base 3) in base 9?
0
Convert -5 (base 10) to base 15.
-5
Convert -101011 (base 2) to base 16.
-2b
What is 11011100 (base 2) in base 15?
ea
What is 2 (base 10) in base 6?
2
Convert 3 (base 8) to base 12.
3
What is -1014 (base 5) in base 2?
-10000110
What is -12 (base 16) in base 14?
-14
Convert -1 (base 5) to base 14.
-1
What is 43 (base 6) in base 12?
23
What is -15 (base 9) in base 12?
-12
Convert 3 (base 13) to base 8.
3
Convert -b (base 13) to base 14.
-b
What is 12 (base 15) in base 2?
10001
Convert 1b (base 12) to base 13.
1a
Convert 12 (base 15) to base 8.
21
Convert 203 (base 5) to base 15.
38
Convert -126 (base 10) to base 7.
-240
-10000 (base 2) to base 7
-22
16 (base 10) to base 7
22
Convert 3a (base 12) to base 14.
34
What is -5 (base 7) in base 8?
-5
-18 (base 13) to base 16
-15
-121 (base 3) to base 16
-10
Convert -150 (base 7) to base 4.
-1110
13 (base 4) to base 13
7
What is -7 (base 15) in base 16?
-7
Convert -220 (base 5) to base 10.
-60
Convert 55 (base 8) to base 5.
140
-2 (base 9) to base 13
-2
Convert 84 (base 14) to base 16.
74
What is -113 (base 8) in base 3?
-2210
What is -8 (base 13) in base 15?
-8
What is 3 (base 16) in base 15?
3
-101 (base 3) to base 2
-1010
-3 (base 4) to base 12
-3
-158 (base 11) to base 15
-c4
What is 1101 (base 2) in base 8?
15
What is -3 (base 5) in base 8?
-3
Convert -3d (base 16) to base 8.
-75
35 (base 15) to base 12
42
-4 (base 7) to base 9
-4
Convert 13 (base 10) to base 7.
16
4 (base 15) to base 3
11
What is 1 (base 8) in base 13?
1
0 (base 4) to base 8
0
Convert 6 (base 8) to base 7.
6
Convert 11010011 (base 2) to base 13.
133
Convert -5 (base 10) to base 14.
-5
What is -8 (base 10) in base 7?
-11
What is -207 (base 8) in base 3?
-12000
-12 (base 12) to base 15
-e
Convert -6 (base 15) to base 10.
-6
Convert 5 (base 7) to base 12.
5
Convert 15 (base 7) to base 2.
1100
What is -101 (base 15) in base 10?
-226
What is 24 (base 14) in base 15?
22
20 (base 14) to base 15
1d
What is -4 (base 10) in base 9?
-4
-12022 (base 3) to base 14
-a3
Convert 11 (base 7) to base 10.
8
-2 (base 13) to base 14
-2
-24 (base 12) to base 11
-26
What is -9 (base 15) in base 12?
-9
-78 (base 9) to base 4
-1013
Convert 32 (base 12) to base 13.
2c
0 (base 11) to base 8
0
What is -6c (base 15) in base 12?
-86
Convert -10001 (base 2) to base 8.
-21
What is 0 (base 4) in base 10?
0
1 (base 14) to base 16
1
What is -260 (base 7) in base 16?
-8c
Convert 5 (base 6) to base 4.
11
Convert -2 (base 12) to base 11.
-2
What is 10 (base 6) in base 3?
20
What is -1020 (base 3) in base 16?
-21
Convert 28 (base 13) to base 2.
100010
Convert 8 (base 11) to base 14.
8
4 (base 6) to base 12
4
What is -2 (base 5) in base 3?
-2
Convert -211 (base 5) to base 7.
-110
-38 (base 13) to base 6
-115
What is -45 (base 9) in base 5?
-131
What is 8a (base 11) in base 14?
70
What is -347 (base 9) in base 8?
-436
46 (base 15) to base 12
56
Convert d (base 15) to base 3.
111
1001 (base 2) to base 6
13
What is -21 (base 8) in base 11?
-16
Convert -12 (base 7) to base 9.
-10
Convert -6 (base 14) to base 13.
-6
What is 226 (base 8) in base 13?
b7
53 (base 15) to base 16
4e
-5 (base 6) to base 2
-101
Convert -9 (base 14) to base 2.
-1001
1 (base 5) to base 11
1
What is -1040 (base 6) in base 7?
-462
218 (base 9) to base 5
1204
Convert 171 (base 12) to base 8.
345
What is 2012 (base 3) in base 14?
43
What is 7 (base 9) in base 4?
13
-3 (base 15) to base 6
-3
-2 (base 8) to base 14
-2
What is -1232 (base 5) in base 4?
-3000
Convert -10111 (base 2) to base 5.
-43
a (base 13) to base 16
a
74 (base 11) to base 4
1101
What is -15 (base 12) in base 3?
-122
-11 (base 12) to base 14
-d
Convert -1101 (base 4) to base 16.
-51
What is -201 (base 3) in base 16?
-13
What is 6 (base 13) in base 14?
6
Convert 1000010 (base 2) to base 8.
102
Convert 233 (base 10) to base 16.
e9
What is 1 (base 12) in base 15?
1
12 (base 9) to base 4
23
What is -c (base 15) in base 4?
-30
Convert 3 (base 8) to base 9.
3
What is 1 (base 13) in base 8?
1
-24 (base 6) to base 9
-17
a5 (base 11) to base 16
73
What is 1011011 (base 2) in base 10?
91
What i